alculate the remainder when ((-3)/3)/(d/220) is divided by 15.
14
Let k be 21 + 4 - (-6 - -3). Let g = 24 - k. What is the remainder when (-5 + 95)*(-2)/g is divided by 16?
13
Suppose -728*o + 731*o = 180. Calculate the remainder when 416 is divided by o.
56
Let o be (-5)/(1/((-8)/(-4))). Let m(y) = -3*y - 15. Let k be m(o). What is the remainder when 26 is divided by (1 - -1)*k/2?
11
Suppose -20 = -2*v + 2*b, v - 3*b = 24 - 6. Calculate the remainder when 39 is divided by v.
3
Let s = -9 + 19. Let c = -12 + s. Calculate the remainder when (c - -4)/(6/147) is divided by 13.
10
Suppose 4*d = 3*d + 14. Let y(k) = -3*k**2 - 3*k - 9. Let b be y(-4). Let o = -4 - b. Calculate the remainder when o is divided by d.
13
Suppose -19 = 3*b - 37. Suppose 53 = b*y - 55. What is the remainder when y is divided by -1 - (1 - (1 + 6))?
3
Let h(d) = -2*d + 7. Let a(s) = 3*s - 14. Let q(i) = 3*a(i) + 5*h(i). Let v be q(-7). Let c = 3 + v. What is the remainder when 8 is divided by c?
2
Let j(c) = -13*c + 6. Let w = 25 + -15. Let q = w - 15. Calculate the remainder when j(q) is divided by 24.
23
Suppose -34*u + 39*u = 2*y + 165, -y = 5*u - 165. What is the remainder when 206 is divided by u?
8
Let y be 1/(-4) - (-1)/4. Suppose -d - 3*z = -30, -2*d + 0*d - 2*z + 40 = y. What is the remainder when 2 + 0 + 164/4 is divided by d?
13
Let y(k) = k**3 - 10*k**2 - 10*k - 6. Let o be y(11). Suppose -2*s + 4*s + 5*r = 157, 4*r + 409 = o*s. What is the remainder when s is divided by 14?
11
Suppose -13*i = -398 + 281. Calculate the remainder when 152 is divided by i.
8
Let q be (-2)/(-12) + 1743/126. Calculate the remainder when 135 is divided by 390/q + (-28)/(-196).
23
Suppose -14*j + 574 = -7*j. What is the remainder when j is divided by 23?
13
What is the remainder when 6/(-6)*284/(1/(-1)) is divided by 26?
24
Let n(v) = v**3 - 60*v**2 + 62*v - 80. Calculate the remainder when 768 is divided by n(59).
89
Let t = -70 - -72. Suppose -5*c - 5*a = -65, -t*a = c + a - 9. What is the remainder when 28 is divided by c?
13
Suppose 0 = 2*i + s + 2*s - 45, -5*s - 150 = -5*i. What is the remainder when 25 is divided by ((-65)/(-15) - 4)*i?
7
Suppose 2*k + 5 = -5. Let n(l) be the third derivative of l**5/60 - 5*l**4/24 + 7*l**3/6 + 2*l**2. What is the remainder when n(k) is divided by 15?
12
Let b(g) = -2*g + 40. Let i be (13 - 5) + (0 - 0). What is the remainder when 46 is divided by b(i)?
22
Let g(t) = -t**3 + 7*t**2 - 7*t + 10. Let z be (0 + (-4)/(-8))*8. Suppose -61 - 28 = -y. Calculate the remainder when y is divided by g(z).
29
Suppose -4*g - 5*c + 120 = 0, -g - 3*c + 30 = -0*g. Suppose -2*w = -8, -5*w + 18 = 3*m - 50. Calculate the remainder when g is divided by m.
14
Let z(y) = -y - 10. Let s(c) be the first derivative of -3*c + 7. Let h(v) = -7*s(v) + 2*z(v). Calculate the remainder when h(-3) is divided by 2.
1
What is the remainder when (-9)/(-12) + 909/36 is divided by 21?
5
Let k = -23 + -19. Let o = k + 48. What is the remainder when 19 is divided by o?
1
Let o(y) = 55*y**2 + 55*y + 56. What is the remainder when 2349 is divided by o(-1)?
53
Let s(x) = x + 1. Let k(q) = -2*q - 3. Let h(j) = -k(j) + 6*s(j). Let n be h(12). What is the remainder when (-8)/(-6) - n/(-9) is divided by 7?
6
Let a(v) = -5*v - 51. Calculate the remainder when 64 is divided by a(-17).
30
Let d = 1019 - 1005. Let j be (-6)/(-4)*(-224)/(-6). Calculate the remainder when (j + -1)/((-2)/(-2)) is divided by d.
13
Let h be (10 - 2)*(-3 - -1). Calculate the remainder when 3/(12/(-2)) + (-648)/h is divided by 21.
19
Suppose 0 = -7*q - 3*q + 110. What is the remainder when 4 + (-2)/(4/(-78)) is divided by q?
10
Let o(y) = y + 11. Let j = 29 + -19. Calculate the remainder when o(j) is divided by 8.
5
Suppose 0 = 2*i - 11 - 45. Let t = i - 7. Calculate the remainder when 70 is divided by t.
7
Suppose 62*q + 2072 = 65*q + 5*s, 3*s + 686 = q. Calculate the remainder when q is divided by 30.
29
Suppose -4 - 14 = 3*k. Let a = k + 13. What is the remainder when a is divided by (10/4)/((-5)/(-10))?
2
Let n = -2882 - -5160. What is the remainder when n is divided by 53?
52
Suppose -509*y = -508*y - 4*a - 48, 0 = -a - 4. What is the remainder when 349 is divided by y?
29
Let k(w) = -w - 10. Let p be k(-11). Calculate the remainder when 3*p/(-6)*(2 - 60) is divided by 16*(2 + 0 + -1).
13
Suppose -2*m = -j + 2 - 0, -10 = 4*j - 2*m. Suppose -13 - 45 = h. Calculate the remainder when h/(-1*(-2 - j)) is divided by 16.
13
Suppose 0 = 7*k - 3*k + 20, 3*b = -3*k + 3039. Calculate the remainder when b is divided by 30.
28
Let o(c) = c - 16. Let y be o(6). What is the remainder when 91 is divided by (-70)/(-2) + y + 7?
27
Let j = 29 + -21. Suppose 543*d = 539*d + 5*z + 19, -3*z + 27 = 4*d. Calculate the remainder when j is divided by d.
2
Let q(k) = -k**3 + 2*k**2 + 18*k + 28. What is the remainder when 54 is divided by q(-2)?
6
Let z = -130 - -123. Let g(i) = 6*i + 5. Let l(y) = -11*y - 10. Let a(j) = 5*g(j) + 3*l(j). Calculate the remainder when 62 is divided by a(z).
14
Let p(n) = 3*n**3 - 8*n**2 - 7*n - 1. What is the remainder when 137 is divided by p(4)?
32
Let s(v) = -50*v + 43. Calculate the remainder when s(-2) is divided by 18.
17
Let x(d) = 23*d - 2. Suppose 5*c = 7*c - 4. Calculate the remainder when x(c) is divided by 16.
12
Let l(r) = -r**3 - 8*r**2 - 9*r - 14. Let h be l(-7). Suppose h*y - 24 = -4*y. Let o = 11 - y. Calculate the remainder when 18 is divided by o.
3
What is the remainder when (-8 + 61)/((-64)/(-12) - 5) is divided by 40?
39
Suppose 0*v - 4*f - 12 = -4*v, 10 = 2*f. What is the remainder when v is divided by 7?
1
Let y(f) = -f - 12. Suppose 5*z + 94 = 14. What is the remainder when y(z) is divided by (2/4)/(1/6)?
1
Suppose 31 = 3*t - 5*w + 4*w, -3*w = -6. Let x(a) = a**3 + 12*a**2 - 16*a + 5. Let z be x(-13). Let q = -15 + z. Calculate the remainder when q is divided by t.
7
Let o = 5 + 1. Suppose -4*r = -2*q - 18, 6*q = 3*r + 3*q - 15. What is the remainder when o is divided by r?
2
Suppose 51 = 20*y + 11. Suppose -5*s + 5 + 0 = 0. Suppose 3*h = s + 14. What is the remainder when h is divided by y?
1
Let y(n) = 9*n - 14. Let i(o) = -o + 13. What is the remainder when y(5) is divided by i(-4)?
14
Suppose 4*p = -5*h + 45, -4*h + 66 = 5*p - h. Let f be -6 - (-4 + 1) - 52. Let w = f + 59. What is the remainder when p is divided by w?
3
Let f(j) = -j**2 + 25*j - 114. Calculate the remainder when 69 is divided by f(15).
33
Suppose -55 + 208 = 3*g. Let l(m) = 12*m**2 - 2*m - 1. Suppose 0 = -4*y + 4*a, -3*a = 3*y - 4*a + 2. What is the remainder when g is divided by l(y)?
12
Suppose w - 662 = 2*t, 0 = 5*t - 1 + 16. Suppose 4*b = -0*b + 4*g + w, -4*b = -2*g - 656. What is the remainder when b is divided by 33?
32
Suppose 8*k = 5*k + 36. Calculate the remainder when 27 is divided by k.
3
Suppose -s = 2*g - 15, 4*g - 85 = -4*s - 33. Let i = -41 + s. What is the remainder when (-18)/2*10/i is divided by 3?
0
What is the remainder when 13 is divided by (-36)/(-12) + -9 + 12?
1
Let o = -109 + 190. Calculate the remainder when 138 is divided by (-2)/(-9) + 6*375/o.
26
Suppose -2*r + 154 = -2*b, 4*b - 15 = 5. Let p(i) = i**3 + 4*i**2 - 8*i - 7. Let k be p(-6). Let u = k + r. Calculate the remainder when u is divided by 18.
15
Suppose 1 = 2*s - 3. Suppose z - 2*v - 44 = 0, -70 = -s*z - 7*v + 5*v. Calculate the remainder when z is divided by 14.
10
Let h(v) = -v**3 + 16*v**2 - 48*v + 16. Calculate the remainder when 43 is divided by h(12).
11
Suppose y = 6*y - 430. What is the remainder when y is divided by 40?
6
Let o(b) = -2*b**3 - 5*b**2 + 8*b + 37. What is the remainder when 159 is divided by o(-4)?
0
Calculate the remainder when 79 is divided by 6 - (-2 - 126/6).
21
Let t = 106 + 241. What is the remainder when t is divided by 88?
83
Let t be (-22)/(-4) - (1 - (-2)/4). Suppose -p + 293 = p - y, 4*p = -t*y + 556. What is the remainder when p is divided by 30?
24
Let j(z) = -6*z**2 + 45*z - 16. Calculate the remainder when 27 is divided by j(7).
2
Let p(r) = -r**2 + 8*r + 1. Let q be p(7). Let y = 8 + q. Calculate the remainder when 77 + ((-1)/2 - 7/(-14)) is divided by y.
13
Suppose 0 = -10*v + 413 + 247. Calculate the remainder when 196 is divided by v.
64
Calculate the remainder when 190 is divided